{"id":1219,"date":"2018-02-15T17:38:29","date_gmt":"2018-02-15T16:38:29","guid":{"rendered":"https:\/\/www.vicuscaprarius.com\/?page_id=1219"},"modified":"2023-07-19T18:21:48","modified_gmt":"2023-07-19T16:21:48","slug":"utgravningarnas-historia","status":"publish","type":"page","link":"https:\/\/www.vicuscaprarius.com\/sv\/utgravningarnas-historia\/","title":{"rendered":"HISTORIA"},"content":{"rendered":"<div class=\"wpb-content-wrapper\"><p>[vc_row equal_height=&#8221;yes&#8221; type=&#8221;container&#8221;][vc_column width=&#8221;1\/2&#8243; css=&#8221;.vc_custom_1501078314436{padding-right: 50px !important;padding-left: 50px !important;}&#8221;][vc_empty_space height=&#8221;10px&#8221;][vc_column_text]<\/p>\n<p style=\"text-align: justify;\">N\u00e4r ledningen f\u00f6r <strong>Cremonini-koncernen<\/strong> i slutet p\u00e5 90-talet best\u00e4mde sig f\u00f6r att s\u00e4tta ig\u00e5ng med arbetet f\u00f6r att skaa en restaurangpol kombinerad med en modern bio, bara ett stenkast fr\u00e5n Fontana di Trevi, hade de aldrig kunnat f\u00f6rest\u00e4lla sig att det bland fundamenten f\u00f6r byggnaden, <span class=\" h-ldquo\">\u201c<\/span>bion Trevi\u201d som k\u00f6ptes 1985, skulle finnas resterna av en stor <strong>byggnadsanl\u00e4ggning fr\u00e5n kejsartiden<\/strong> <span class=\" h-ndash\">\u2013<\/span> ett dyrbart vittnesm\u00e5l fr\u00e5n den antika stadsstrukturen.<br \/>\nMan b\u00f6rjade arbeta p\u00e5 platsen startade i september 1999. Redan under de f\u00f6rsta ingreppsfaserna, uppt\u00e4ckte de mekaniska maskinerna n\u00e4rvaron av strukturer fr\u00e5n romartiden. Det gjorde att den arkeologiska tillsynsmyndigheten i Rom omedelbart l\u00e4t avbryta arbetet.<br \/>\n<strong>Men Luigi Cremonini<\/strong>, som var koncernens grundare och VD visade en osedvanlig \u00f6ppenhet och entusiasm och besl\u00f6t omedelbart att helt <strong>finansiera de arkeologiska unders\u00f6kningarna<\/strong>. Det ledde till att omfattande utgr\u00e4vningar kunde startas <span class=\" h-lparen\">(<\/span>leddes av Antonio Insalaco under den vetenskapliga ledningen av Claudio Moccheggiani Carpano), och slutf\u00f6rdes \u00e5r 2001. Det h\u00e4r la grunden till ett av de f\u00f6rsta exemplen p\u00e5 ett utm\u00e4rkt <strong>samarbete mellan den offentliga och den privata sektorn i Italien<\/strong>.<\/p>\n<p>[\/vc_column_text][\/vc_column][vc_column width=&#8221;1\/2&#8243;][vc_single_image image=&#8221;761&#8243; img_size=&#8221;large&#8221; alignment=&#8221;center&#8221;][\/vc_column][\/vc_row][vc_row equal_height=&#8221;yes&#8221; type=&#8221;container&#8221;][vc_column width=&#8221;1\/2&#8243;][vc_single_image image=&#8221;767&#8243; img_size=&#8221;large&#8221; alignment=&#8221;center&#8221; onclick=&#8221;link_image&#8221;][\/vc_column][vc_column width=&#8221;1\/2&#8243; css=&#8221;.vc_custom_1501078263518{padding-right: 50px !important;padding-left: 50px !important;}&#8221;][vc_empty_space height=&#8221;10px&#8221;][vc_column_text]<\/p>\n<p style=\"text-align: justify;\">Tack vare de imponerade strukturerna som f\u00f6rdes till ljuset och det historiska\/artistiska v\u00e4rdet p\u00e5 de f\u00f6rem\u00e5l man hittade, p\u00e5 initiativ av Cremonini-koncernen, modifierades det ursprungliga projektet f\u00f6r att skapa en <strong>veritabel museianl\u00e4ggning<\/strong> som numera \u00e4r k\u00e4nt som <strong>\u201cVicus Caprarius \u2013 Vattnets stad\u201d.<\/strong><\/p>\n<p style=\"text-align: justify;\">Den<strong> 6 april 2004<\/strong> \u00f6ppnades den arkeologiska platsen f\u00f6r allm\u00e4nheten men ber\u00e4ttelsen om utgr\u00e4vningarna under den f.d. bion \u201dTrevi\u201d slutar inte d\u00e4r.<\/p>\n<p style=\"text-align: justify;\">Under de efterf\u00f6ljande \u00e5ren, har platsen ytterligare utvecklats och berikats.<\/p>\n<p style=\"text-align: justify;\">Den 19 december 2006, efter en f\u00f6rsiktig restaurering som tog flera m\u00e5nader att utf\u00f6ras, kunde man p\u00e5 beg\u00e4ran av Cremonini-koncernen, Alessandra Barone och Barbara Gregni, kooperativet f\u00f6r arkeologiska restaureringar i Rom, och under ledning av Fiorenzo Catalli, chefsarkeolog f\u00f6r tillsynsmyndigheten f\u00f6r arkeologi i Rom, st\u00e4lla ut <strong>\u201dskatten\u201d<\/strong> som hittades under utgr\u00e4vningarna: \u00f6ver <strong>800 mynt<\/strong> fr\u00e5n 300- och 400-talet.<\/p>\n<p>[\/vc_column_text][\/vc_column][\/vc_row][vc_row equal_height=&#8221;yes&#8221; type=&#8221;container&#8221;][vc_column width=&#8221;1\/2&#8243; css=&#8221;.vc_custom_1501078289267{padding-right: 50px !important;padding-left: 50px !important;}&#8221;][vc_empty_space height=&#8221;10px&#8221;][vc_column_text]<\/p>\n<p style=\"text-align: justify;\">Tre \u00e5r senare, den <strong>22 december 2009<\/strong> slutf\u00f6rdes den arkeologiska platsen definitivt.<br \/>\n<strong>Cremonini-koncernen<\/strong> startade ytterligare en kampanj f\u00f6r att man skulle <strong>studera materialen som hittades under utgr\u00e4vningarna<\/strong> och som l\u00e4nge l\u00e5g kvar i en dep\u00e5, f\u00f6r att man skulle kunna v\u00e4rdes\u00e4tta denna historiska fas i senantiken <span class=\" h-lparen\">(<\/span>Medeltiden, Ren\u00e4ssansen, 1800-talet och 1900-talet), vilket g\u00f6r att den arkeologiska platsen utg\u00f6r ett exceptionellt exempel p\u00e5 livets kontinuitet.<br \/>\n<strong>Restaureringen av f\u00f6rem\u00e5len, som f\u00f6r det mesta var vardagsf\u00f6rem\u00e5l<\/strong> <span class=\" h-lparen\">(<\/span>tillbringare och tallrikar av keramik, kniv och gaffel, ugnsformar och pannor, flaskor av munbl\u00e5st glas och en s\u00e4rskild ring med nyckel av brons och silver) utf\u00f6rdes av konsortiet L\u00b4Officina och \u00e4ven i detta fall leddes arbetet av Fiorenzo Catalli. Utst\u00e4llningen utf\u00f6rdes av Progetto Artiser s.n.c. av arkeologerna Alessandro Ascoli, Giuliano Catalli, Barbara Lepri samt Francesca Licordari under vetenskaplig ledning av Antonio Insalaco, arkeologisk kurator vid tillsynsmyndigheten f\u00f6r kulturminnesm\u00e4rken i Roms kommun.<\/p>\n<p>[\/vc_column_text][\/vc_column][vc_column width=&#8221;1\/2&#8243;][vc_single_image image=&#8221;770&#8243; img_size=&#8221;large&#8221; alignment=&#8221;center&#8221;][\/vc_column][\/vc_row][vc_row equal_height=&#8221;yes&#8221; type=&#8221;container&#8221;][vc_column width=&#8221;1\/2&#8243;][vc_custom_heading text=&#8221;PRISER&#8221; font_container=&#8221;tag:h2|font_size:24|text_align:center&#8221; use_theme_fonts=&#8221;yes&#8221;][vc_separator color=&#8221;custom&#8221; align=&#8221;align_left&#8221; border_width=&#8221;2&#8243; accent_color=&#8221;#e2b13c&#8221;][vc_column_text]ORDINARIE: 4,00 \u20ac<\/p>\n<p>RABATTERAD: 2,50 \u20ac (\u00f6ver 65, Roma Pass, studenter 18\/25 \u00e5r bosatta i EU, l\u00e4rare bosatta i EU)<\/p>\n<p>EXTRA RABATTERAD: 1,00 \u20ac (barn och ungdomar 14-18 \u00e5r)<\/p>\n<p>GRATIS: under 14, universitetsstudenter som studerar arkitektur, bevarande av kulturarvet, EU-arkeologi<\/p>\n<p>GUIDADE TURER EFTER BOKNING: 8,00 \u20ac[\/vc_column_text][\/vc_column][vc_column width=&#8221;1\/2&#8243;][vc_custom_heading text=&#8221;BOKNING&#8221; font_container=&#8221;tag:h2|font_size:24|text_align:center&#8221; use_theme_fonts=&#8221;yes&#8221;][vc_separator color=&#8221;custom&#8221; align=&#8221;align_left&#8221; border_width=&#8221;2&#8243; accent_color=&#8221;#e2b13c&#8221;][vc_column_text]<b>Bokning rekommenderas.\u00a0L\u00f6rdag, s\u00f6ndag och helgdagar \u00e4r obligatoriska.<\/b>[\/vc_column_text][\/vc_column][\/vc_row][vc_row equal_height=&#8221;yes&#8221;][vc_column]\t\t<!-- Onview Section -->\n\t\t<div class=\"container-fluid no-padding onview-section2\">\n\t\t\t\t\t\t\t<div class=\"col-md-5 onview-left\">\n\t\t\t\t\t<!-- Section Header -->\n\t\t\t\t\t<div class=\"section-header2\">\n\t\t\t\t\t\t<i><img decoding=\"async\" src=\"https:\/\/www.vicuscaprarius.com\/wp-content\/plugins\/history-toolkit\/lib\/images\/section-header2-2.png\" alt=\"Section Header\" \/><\/i>\n\t\t\t\t\t\t<span>F\u00f6r turisten<\/span>\t\t\t\t\t\t<h2>MOTTAGNING<\/h2>\t\t\t\t\t<\/div><!-- Section Header \/- -->\n\t\t\t\t\t\t\t\t\t\t\t\t\t\t<\/div>\n\t\t\t\t\t\t\t<div class=\"col-md-7 onview-right\" style=\"background-image: url(https:\/\/www.vicuscaprarius.com\/wp-content\/uploads\/2017\/03\/bg_ospitalita_shadow3.jpg);\">\n\t\t\t\t\t\t\t\t\t<div class=\"onview-content\">\n\t\t\t\t\t\t<ul>\n\t\t\t\t\t\t\t<li class='col-md-6 col-sm-6 col-xs-6'><a href=\"http:\/\/www.hotelharrysbartrevi.com\/en\/\" target=\u201d_blank\u201d style=\"font-size:20px; font-family: Cinzel; color: #000;\">HARRY'S BAR HOTEL<\/a> <p style=\"font-size:13px; line-heigt:18px; text-align: center;\">Rummen \u00e4r moderna, eleganta och f\u00f6rsedda med alla bekv\u00e4mligheter<\/p><\/li><li class='col-md-6 col-sm-6 col-xs-6'><a href=\"http:\/\/www.hotelharrysbartrevi.com\/en\/restaurant-bar\/\/\" target=\u201d_blank\u201d style=\"font-size:20px; font-family: Cinzel; color: #000;\">HARRY'S BAR RESTAURANT<\/a> <p style=\"font-size:13px; line-heigt:18px; text-align: center;\">Aperitifer och raffinerade r\u00e4tter<\/p><\/li><li class='col-md-6 col-sm-6 col-xs-6'><a href=\"\/sv\/food-court-gourme\" style=\"font-size:20px; font-family: Cinzel; color: #000;\">FOOD COURT GOURME<\/a> <p style=\"font-size:13px; line-heigt:18px; text-align: center;\">Stort utbud av italienska r\u00e4tter<\/p><\/li><li class='col-md-6 col-sm-6 col-xs-6'><a href=\"http:\/\/www.hotelharrysbartrevi.com\/en\/meeting-events\/\" target=\u201d_blank\u201d style=\"font-size:20px; font-family: Cinzel; color: #000;\">SALA TREVI<\/a> <p style=\"font-size:13px; line-heigt:18px; text-align: center;\">Unik och flerfunktionell plats<\/p><\/li>\t\t\t\t\t\t<\/ul>\n\t\t\t\t\t<\/div>\n\t\t\t\t\t\t\t\t<\/div>\n\t\t<\/div><!-- Onview Section \/- -->\n\t\t[\/vc_column][\/vc_row]<\/p>\n<\/div>","protected":false},"excerpt":{"rendered":"<p>[vc_row equal_height=&#8221;yes&#8221; type=&#8221;container&#8221;][vc_column width=&#8221;1\/2&#8243; css=&#8221;.vc_custom_1501078314436{padding-right: 50px !important;padding-left: 50px !important;}&#8221;][vc_empty_space height=&#8221;10px&#8221;][vc_column_text] N\u00e4r ledningen f\u00f6r Cremonini-koncernen i slutet p\u00e5 90-talet best\u00e4mde sig f\u00f6r att s\u00e4tta ig\u00e5ng med arbetet f\u00f6r att skaa en restaurangpol kombinerad med en modern bio, bara ett stenkast fr\u00e5n Fontana di Trevi, hade de aldrig kunnat f\u00f6rest\u00e4lla sig att det bland fundamenten f\u00f6r byggnaden, [&hellip;]<\/p>\n","protected":false},"author":1,"featured_media":0,"parent":0,"menu_order":0,"comment_status":"closed","ping_status":"closed","template":"","meta":{"footnotes":""},"class_list":["post-1219","page","type-page","status-publish","hentry"],"_links":{"self":[{"href":"https:\/\/www.vicuscaprarius.com\/sv\/wp-json\/wp\/v2\/pages\/1219","targetHints":{"allow":["GET"]}}],"collection":[{"href":"https:\/\/www.vicuscaprarius.com\/sv\/wp-json\/wp\/v2\/pages"}],"about":[{"href":"https:\/\/www.vicuscaprarius.com\/sv\/wp-json\/wp\/v2\/types\/page"}],"author":[{"embeddable":true,"href":"https:\/\/www.vicuscaprarius.com\/sv\/wp-json\/wp\/v2\/users\/1"}],"replies":[{"embeddable":true,"href":"https:\/\/www.vicuscaprarius.com\/sv\/wp-json\/wp\/v2\/comments?post=1219"}],"version-history":[{"count":7,"href":"https:\/\/www.vicuscaprarius.com\/sv\/wp-json\/wp\/v2\/pages\/1219\/revisions"}],"predecessor-version":[{"id":8343,"href":"https:\/\/www.vicuscaprarius.com\/sv\/wp-json\/wp\/v2\/pages\/1219\/revisions\/8343"}],"wp:attachment":[{"href":"https:\/\/www.vicuscaprarius.com\/sv\/wp-json\/wp\/v2\/media?parent=1219"}],"curies":[{"name":"wp","href":"https:\/\/api.w.org\/{rel}","templated":true}]}}

<div class="wpb-content-wrapper"><p>[vc_row equal_height=&#8221;yes&#8221; type=&#8221;container&#8221;][vc_column width=&#8221;1/2&#8243; css=&#8221;.vc_custom_1501078314436{padding-right: 50px !important;padding-left: 50px !important;}&#8221;][vc_empty_space height=&#8221;10px&#8221;][vc_column_text]</p>
<p style="text-align: justify;">När ledningen för <strong>Cremonini-koncernen</strong> i slutet på 90-talet bestämde sig för att sätta igång med arbetet för att skaa en restaurangpol kombinerad med en modern bio, bara ett stenkast från Fontana di Trevi, hade de aldrig kunnat föreställa sig att det bland fundamenten för byggnaden, <span class=" h-ldquo">“</span>bion Trevi” som köptes 1985, skulle finnas resterna av en stor <strong>byggnadsanläggning från kejsartiden</strong> <span class=" h-ndash">–</span> ett dyrbart vittnesmål från den antika stadsstrukturen.<br />
Man började arbeta på platsen startade i september 1999. Redan under de första ingreppsfaserna, upptäckte de mekaniska maskinerna närvaron av strukturer från romartiden. Det gjorde att den arkeologiska tillsynsmyndigheten i Rom omedelbart lät avbryta arbetet.<br />
<strong>Men Luigi Cremonini</strong>, som var koncernens grundare och VD visade en osedvanlig öppenhet och entusiasm och beslöt omedelbart att helt <strong>finansiera de arkeologiska undersökningarna</strong>. Det ledde till att omfattande utgrävningar kunde startas <span class=" h-lparen">(</span>leddes av Antonio Insalaco under den vetenskapliga ledningen av Claudio Moccheggiani Carpano), och slutfördes år 2001. Det här la grunden till ett av de första exemplen på ett utmärkt <strong>samarbete mellan den offentliga och den privata sektorn i Italien</strong>.</p>
<p>[/vc_column_text][/vc_column][vc_column width=&#8221;1/2&#8243;][vc_single_image image=&#8221;761&#8243; img_size=&#8221;large&#8221; alignment=&#8221;center&#8221;][/vc_column][/vc_row][vc_row equal_height=&#8221;yes&#8221; type=&#8221;container&#8221;][vc_column width=&#8221;1/2&#8243;][vc_single_image image=&#8221;767&#8243; img_size=&#8221;large&#8221; alignment=&#8221;center&#8221; onclick=&#8221;link_image&#8221;][/vc_column][vc_column width=&#8221;1/2&#8243; css=&#8221;.vc_custom_1501078263518{padding-right: 50px !important;padding-left: 50px !important;}&#8221;][vc_empty_space height=&#8221;10px&#8221;][vc_column_text]</p>
<p style="text-align: justify;">Tack vare de imponerade strukturerna som fördes till ljuset och det historiska/artistiska värdet på de föremål man hittade, på initiativ av Cremonini-koncernen, modifierades det ursprungliga projektet för att skapa en <strong>veritabel museianläggning</strong> som numera är känt som <strong>“Vicus Caprarius – Vattnets stad”.</strong></p>
<p style="text-align: justify;">Den<strong> 6 april 2004</strong> öppnades den arkeologiska platsen för allmänheten men berättelsen om utgrävningarna under den f.d. bion ”Trevi” slutar inte där.</p>
<p style="text-align: justify;">Under de efterföljande åren, har platsen ytterligare utvecklats och berikats.</p>
<p style="text-align: justify;">Den 19 december 2006, efter en försiktig restaurering som tog flera månader att utföras, kunde man på begäran av Cremonini-koncernen, Alessandra Barone och Barbara Gregni, kooperativet för arkeologiska restaureringar i Rom, och under ledning av Fiorenzo Catalli, chefsarkeolog för tillsynsmyndigheten för arkeologi i Rom, ställa ut <strong>”skatten”</strong> som hittades under utgrävningarna: över <strong>800 mynt</strong> från 300- och 400-talet.</p>
<p>[/vc_column_text][/vc_column][/vc_row][vc_row equal_height=&#8221;yes&#8221; type=&#8221;container&#8221;][vc_column width=&#8221;1/2&#8243; css=&#8221;.vc_custom_1501078289267{padding-right: 50px !important;padding-left: 50px !important;}&#8221;][vc_empty_space height=&#8221;10px&#8221;][vc_column_text]</p>
<p style="text-align: justify;">Tre år senare, den <strong>22 december 2009</strong> slutfördes den arkeologiska platsen definitivt.<br />
<strong>Cremonini-koncernen</strong> startade ytterligare en kampanj för att man skulle <strong>studera materialen som hittades under utgrävningarna</strong> och som länge låg kvar i en depå, för att man skulle kunna värdesätta denna historiska fas i senantiken <span class=" h-lparen">(</span>Medeltiden, Renässansen, 1800-talet och 1900-talet), vilket gör att den arkeologiska platsen utgör ett exceptionellt exempel på livets kontinuitet.<br />
<strong>Restaureringen av föremålen, som för det mesta var vardagsföremål</strong> <span class=" h-lparen">(</span>tillbringare och tallrikar av keramik, kniv och gaffel, ugnsformar och pannor, flaskor av munblåst glas och en särskild ring med nyckel av brons och silver) utfördes av konsortiet L´Officina och även i detta fall leddes arbetet av Fiorenzo Catalli. Utställningen utfördes av Progetto Artiser s.n.c. av arkeologerna Alessandro Ascoli, Giuliano Catalli, Barbara Lepri samt Francesca Licordari under vetenskaplig ledning av Antonio Insalaco, arkeologisk kurator vid tillsynsmyndigheten för kulturminnesmärken i Roms kommun.</p>
<p>[/vc_column_text][/vc_column][vc_column width=&#8221;1/2&#8243;][vc_single_image image=&#8221;770&#8243; img_size=&#8221;large&#8221; alignment=&#8221;center&#8221;][/vc_column][/vc_row][vc_row equal_height=&#8221;yes&#8221; type=&#8221;container&#8221;][vc_column width=&#8221;1/2&#8243;][vc_custom_heading text=&#8221;PRISER&#8221; font_container=&#8221;tag:h2|font_size:24|text_align:center&#8221; use_theme_fonts=&#8221;yes&#8221;][vc_separator color=&#8221;custom&#8221; align=&#8221;align_left&#8221; border_width=&#8221;2&#8243; accent_color=&#8221;#e2b13c&#8221;][vc_column_text]ORDINARIE: 4,00 €</p>
<p>RABATTERAD: 2,50 € (över 65, Roma Pass, studenter 18/25 år bosatta i EU, lärare bosatta i EU)</p>
<p>EXTRA RABATTERAD: 1,00 € (barn och ungdomar 14-18 år)</p>
<p>GRATIS: under 14, universitetsstudenter som studerar arkitektur, bevarande av kulturarvet, EU-arkeologi</p>
<p>GUIDADE TURER EFTER BOKNING: 8,00 €[/vc_column_text][/vc_column][vc_column width=&#8221;1/2&#8243;][vc_custom_heading text=&#8221;BOKNING&#8221; font_container=&#8221;tag:h2|font_size:24|text_align:center&#8221; use_theme_fonts=&#8221;yes&#8221;][vc_separator color=&#8221;custom&#8221; align=&#8221;align_left&#8221; border_width=&#8221;2&#8243; accent_color=&#8221;#e2b13c&#8221;][vc_column_text]<b>Bokning rekommenderas. Lördag, söndag och helgdagar är obligatoriska.</b>[/vc_column_text][/vc_column][/vc_row][vc_row equal_height=&#8221;yes&#8221;][vc_column]		<!-- Onview Section -->
		<div class="container-fluid no-padding onview-section2">
							<div class="col-md-5 onview-left">
					<!-- Section Header -->
					<div class="section-header2">
						<i><img decoding="async" src="https://www.vicuscaprarius.com/wp-content/plugins/history-toolkit/lib/images/section-header2-2.png" alt="Section Header" /></i>
						<span>För turisten</span>						<h2>MOTTAGNING</h2>					</div><!-- Section Header /- -->
														</div>
							<div class="col-md-7 onview-right" style="background-image: url(https://www.vicuscaprarius.com/wp-content/uploads/2017/03/bg_ospitalita_shadow3.jpg);">
									<div class="onview-content">
						<ul>
							<li class='col-md-6 col-sm-6 col-xs-6'><a href="http://www.hotelharrysbartrevi.com/en/" target=”_blank” style="font-size:20px; font-family: Cinzel; color: #000;">HARRY'S BAR HOTEL</a> <p style="font-size:13px; line-heigt:18px; text-align: center;">Rummen är moderna, eleganta och försedda med alla bekvämligheter</p></li><li class='col-md-6 col-sm-6 col-xs-6'><a href="http://www.hotelharrysbartrevi.com/en/restaurant-bar//" target=”_blank” style="font-size:20px; font-family: Cinzel; color: #000;">HARRY'S BAR RESTAURANT</a> <p style="font-size:13px; line-heigt:18px; text-align: center;">Aperitifer och raffinerade rätter</p></li><li class='col-md-6 col-sm-6 col-xs-6'><a href="/sv/food-court-gourme" style="font-size:20px; font-family: Cinzel; color: #000;">FOOD COURT GOURME</a> <p style="font-size:13px; line-heigt:18px; text-align: center;">Stort utbud av italienska rätter</p></li><li class='col-md-6 col-sm-6 col-xs-6'><a href="http://www.hotelharrysbartrevi.com/en/meeting-events/" target=”_blank” style="font-size:20px; font-family: Cinzel; color: #000;">SALA TREVI</a> <p style="font-size:13px; line-heigt:18px; text-align: center;">Unik och flerfunktionell plats</p></li>						</ul>
					</div>
								</div>
		</div><!-- Onview Section /- -->
		[/vc_column][/vc_row]</p>
</div>

<p>[vc_row equal_height=&#8221;yes&#8221; type=&#8221;container&#8221;][vc_column width=&#8221;1/2&#8243; css=&#8221;.vc_custom_1501078314436{padding-right: 50px !important;padding-left: 50px !important;}&#8221;][vc_empty_space height=&#8221;10px&#8221;][vc_column_text] När ledningen för Cremonini-koncernen i slutet på 90-talet bestämde sig för att sätta igång med arbetet för att skaa en restaurangpol kombinerad med en modern bio, bara ett stenkast från Fontana di Trevi, hade de aldrig kunnat föreställa sig att det bland fundamenten för byggnaden, [&hellip;]</p>
