{"id":1180,"date":"2018-02-15T16:28:54","date_gmt":"2018-02-15T15:28:54","guid":{"rendered":"https:\/\/www.vicuscaprarius.com\/?page_id=1180"},"modified":"2018-02-15T16:28:54","modified_gmt":"2018-02-15T15:28:54","slug":"einzelbesucher","status":"publish","type":"page","link":"https:\/\/www.vicuscaprarius.com\/de\/besichtigungen\/einzelbesucher\/","title":{"rendered":"Einzelbesucher"},"content":{"rendered":"<div class=\"wpb-content-wrapper\"><p>[vc_row][vc_column][vc_column_text]<\/p>\n<div>F\u00fcr organisierte Gruppen <span class=\" h-lparen\">(<\/span>Vereine, CRAL, Tour Operator, Pfarrgemeinden usw.) besteht die M\u00f6glichkeit, <b>au\u00dferordentliche \u00d6ffnungszeiten mit einer Besichtigung unter der F\u00fchrung unserer Arch\u00e4ologen auch an Tagen und zu Uhrzeiten zu vereinbaren, die sich von den normalen \u00d6ffnungszeiten unterscheiden<\/b>.<\/div>\n<div><\/div>\n<div>Je nach den Interessen und Anforderungen der Besucher schlagen wir drei verschiedene Arten der Besichtigung und der Vertiefung vor, die von unseren Arch\u00e4ologen, Kunsthistorikern und zugelassenen Fremdenf\u00fchrern ausgearbeitet wurden.<\/div>\n<p>[\/vc_column_text][\/vc_column][\/vc_row][vc_row equal_height=&#8221;yes&#8221;][vc_column width=&#8221;1\/2&#8243;]\t\t\t\r\n\t\t<!-- Call To Action -->\r\n\t\t<div class=\"container-fluid cta-section\">\r\n\t\t\t<!-- Container -->\r\n\t\t\t<div class=\"container\">\r\n\t\t\t\t<h3><img loading=\"lazy\" decoding=\"async\" width=\"1000\" height=\"563\" src=\"https:\/\/www.vicuscaprarius.com\/wp-content\/uploads\/2017\/04\/img_5058.jpeg\" class=\"attachment-full size-full\" alt=\"\" srcset=\"https:\/\/www.vicuscaprarius.com\/wp-content\/uploads\/2017\/04\/img_5058.jpeg 1000w, https:\/\/www.vicuscaprarius.com\/wp-content\/uploads\/2017\/04\/img_5058-300x169.jpeg 300w, https:\/\/www.vicuscaprarius.com\/wp-content\/uploads\/2017\/04\/img_5058-768x432.jpeg 768w\" sizes=\"auto, (max-width: 1000px) 100vw, 1000px\" \/><span>GEF\u00dcHRTE BESICHTIGUNG AUSSCHLIESSLICH DES ARCH\u00c4OLOGISCHEN BEREICHS<\/span><\/h3>\r\n\t\t\t\t\t\t\t<\/div>\r\n\t\t\t<!-- Container \/- -->\r\n\t\t<\/div><!-- Call To Action \/- -->\r\n\t\t[vc_empty_space][vc_column_text]Mit dieser Option erleben Sie die unterirdischen Ausgrabungen mit einer exklusiven Besichtigung, die nur ihrer Gruppe gewidmet ist.<\/p>\n<p><strong>Preis<\/strong> 6,00 \u20ac pro Person <span class=\" h-lparen\">(<\/span>einschlie\u00dflich Eintrittskarte).[\/vc_column_text][\/vc_column][vc_column width=&#8221;1\/2&#8243;]\t\t\t\r\n\t\t<!-- Call To Action -->\r\n\t\t<div class=\"container-fluid cta-section\">\r\n\t\t\t<!-- Container -->\r\n\t\t\t<div class=\"container\">\r\n\t\t\t\t<h3><img loading=\"lazy\" decoding=\"async\" width=\"1000\" height=\"563\" src=\"https:\/\/www.vicuscaprarius.com\/wp-content\/uploads\/2017\/04\/img_5058.jpeg\" class=\"attachment-full size-full\" alt=\"\" srcset=\"https:\/\/www.vicuscaprarius.com\/wp-content\/uploads\/2017\/04\/img_5058.jpeg 1000w, https:\/\/www.vicuscaprarius.com\/wp-content\/uploads\/2017\/04\/img_5058-300x169.jpeg 300w, https:\/\/www.vicuscaprarius.com\/wp-content\/uploads\/2017\/04\/img_5058-768x432.jpeg 768w\" sizes=\"auto, (max-width: 1000px) 100vw, 1000px\" \/><span>AQUA VIRGO, VOM TREVI-BRUNNEN BIS\u2026 CINECITTA\u2018<\/span><\/h3>\r\n\t\t\t\t\t\t\t<\/div>\r\n\t\t\t<!-- Container \/- -->\r\n\t\t<\/div><!-- Call To Action \/- -->\r\n\t\t[vc_empty_space][vc_column_text]Die Besichtigung des arch\u00e4ologischen Bereichs und des Trevi-Brunnens schlie\u00dft mit einer reizvollen Kino-Retrospektive, denn in der eleganten Sala Trevi gegen\u00fcber den Ausgrabungen werden die ber\u00fchmtesten Meisterwerke des italienischen und internationalen Films projiziert <span class=\" h-lparen\">(<\/span><i>Dolce Vita<\/i> <span class=\" h-ndash\">\u2013<\/span> Das s\u00fc\u00dfe Leben, <i>Roman Holiday<\/i> <span class=\" h-ndash\">\u2013<\/span> Ein Herz und eine Krone, <i>Tot\u00f2truffa<\/i><i> <\/i><span class=\" h-rsquo\"><i>\u2019<\/i><\/span><i>62<\/i> <span class=\" h-ndash\">\u2013<\/span> Der Betr\u00fcger, <i>C\u2019eravamo tanto amati<\/i> <span class=\" h-ndash\">\u2013<\/span> Wir waren so verliebt usw.), die vor der majest\u00e4tischen Kulisse des Brunnens gedreht wurden.<\/p>\n<p><strong>Preis<\/strong>: 8,00 \u20ac pro Person <span class=\" h-lparen\">(<\/span>einschlie\u00dflich Eintrittskarte).[\/vc_column_text][\/vc_column][\/vc_row][vc_row full_width=&#8221;stretch_row&#8221; css=&#8221;.vc_custom_1491475666161{margin-top: 0px !important;padding-top: 0px !important;background-image: url(https:\/\/www.vicuscaprarius.com\/wp-content\/uploads\/2017\/03\/cta_bg.png?id=373) !important;background-position: center !important;background-repeat: no-repeat !important;background-size: cover !important;}&#8221;][vc_column width=&#8221;1\/6&#8243;][\/vc_column][vc_column width=&#8221;2\/3&#8243;][vc_empty_space][vc_custom_heading text=&#8221;Famiglie, scuole, gruppi o singoli visitatori: a ciascuno il proprio percorso per scoprire i tesori nascosti della Citt\u00e0 dell\u2019Acqua, l\u2019area archeologica sotterranea alla Fontana di Trevi&#8221; font_container=&#8221;tag:p|font_size:18|text_align:center|color:%23ffffff&#8221; use_theme_fonts=&#8221;yes&#8221;][vc_empty_space height=&#8221;18px&#8221;][vc_row_inner][vc_column_inner width=&#8221;1\/2&#8243;][vc_btn title=&#8221;Ruf die Nummer an +39 339 7786192&#8243; style=&#8221;flat&#8221; shape=&#8221;square&#8221; color=&#8221;white&#8221; align=&#8221;center&#8221; i_icon_fontawesome=&#8221;fa fa-phone&#8221; button_block=&#8221;true&#8221; add_icon=&#8221;true&#8221; link=&#8221;url:tel%3A%2B393397786192|||&#8221;][\/vc_column_inner][vc_column_inner width=&#8221;1\/2&#8243;][vc_btn title=&#8221;Schreiben Sie an info@vicuscaprarius.com&#8221; style=&#8221;outline&#8221; shape=&#8221;square&#8221; color=&#8221;white&#8221; align=&#8221;center&#8221; i_icon_fontawesome=&#8221;fa fa-envelope&#8221; button_block=&#8221;true&#8221; add_icon=&#8221;true&#8221; link=&#8221;url:mailto%3Ainfo%40vicuscaprarius.com|||&#8221;][\/vc_column_inner][\/vc_row_inner][vc_empty_space height=&#8221;18px&#8221;][\/vc_column][vc_column width=&#8221;1\/6&#8243;][\/vc_column][\/vc_row]<\/p>\n<\/div>","protected":false},"excerpt":{"rendered":"<p>[vc_row][vc_column][vc_column_text] F\u00fcr organisierte Gruppen (Vereine, CRAL, Tour Operator, Pfarrgemeinden usw.) besteht die M\u00f6glichkeit, au\u00dferordentliche \u00d6ffnungszeiten mit einer Besichtigung unter der F\u00fchrung unserer Arch\u00e4ologen auch an Tagen und zu Uhrzeiten zu vereinbaren, die sich von den normalen \u00d6ffnungszeiten unterscheiden. Je nach den Interessen und Anforderungen der Besucher schlagen wir drei verschiedene Arten der Besichtigung und der [&hellip;]<\/p>\n","protected":false},"author":1,"featured_media":0,"parent":1162,"menu_order":0,"comment_status":"closed","ping_status":"closed","template":"","meta":{"footnotes":""},"class_list":["post-1180","page","type-page","status-publish","hentry"],"_links":{"self":[{"href":"https:\/\/www.vicuscaprarius.com\/de\/wp-json\/wp\/v2\/pages\/1180","targetHints":{"allow":["GET"]}}],"collection":[{"href":"https:\/\/www.vicuscaprarius.com\/de\/wp-json\/wp\/v2\/pages"}],"about":[{"href":"https:\/\/www.vicuscaprarius.com\/de\/wp-json\/wp\/v2\/types\/page"}],"author":[{"embeddable":true,"href":"https:\/\/www.vicuscaprarius.com\/de\/wp-json\/wp\/v2\/users\/1"}],"replies":[{"embeddable":true,"href":"https:\/\/www.vicuscaprarius.com\/de\/wp-json\/wp\/v2\/comments?post=1180"}],"version-history":[{"count":1,"href":"https:\/\/www.vicuscaprarius.com\/de\/wp-json\/wp\/v2\/pages\/1180\/revisions"}],"predecessor-version":[{"id":1181,"href":"https:\/\/www.vicuscaprarius.com\/de\/wp-json\/wp\/v2\/pages\/1180\/revisions\/1181"}],"up":[{"embeddable":true,"href":"https:\/\/www.vicuscaprarius.com\/de\/wp-json\/wp\/v2\/pages\/1162"}],"wp:attachment":[{"href":"https:\/\/www.vicuscaprarius.com\/de\/wp-json\/wp\/v2\/media?parent=1180"}],"curies":[{"name":"wp","href":"https:\/\/api.w.org\/{rel}","templated":true}]}}

<div class="wpb-content-wrapper"><p>[vc_row][vc_column][vc_column_text]</p>
<div>Für organisierte Gruppen <span class=" h-lparen">(</span>Vereine, CRAL, Tour Operator, Pfarrgemeinden usw.) besteht die Möglichkeit, <b>außerordentliche Öffnungszeiten mit einer Besichtigung unter der Führung unserer Archäologen auch an Tagen und zu Uhrzeiten zu vereinbaren, die sich von den normalen Öffnungszeiten unterscheiden</b>.</div>
<div></div>
<div>Je nach den Interessen und Anforderungen der Besucher schlagen wir drei verschiedene Arten der Besichtigung und der Vertiefung vor, die von unseren Archäologen, Kunsthistorikern und zugelassenen Fremdenführern ausgearbeitet wurden.</div>
<p>[/vc_column_text][/vc_column][/vc_row][vc_row equal_height=&#8221;yes&#8221;][vc_column width=&#8221;1/2&#8243;]			
		<!-- Call To Action -->
		<div class="container-fluid cta-section">
			<!-- Container -->
			<div class="container">
				<h3><img loading="lazy" decoding="async" width="1000" height="563" src="https://www.vicuscaprarius.com/wp-content/uploads/2017/04/img_5058.jpeg" class="attachment-full size-full" alt="" srcset="https://www.vicuscaprarius.com/wp-content/uploads/2017/04/img_5058.jpeg 1000w, https://www.vicuscaprarius.com/wp-content/uploads/2017/04/img_5058-300x169.jpeg 300w, https://www.vicuscaprarius.com/wp-content/uploads/2017/04/img_5058-768x432.jpeg 768w" sizes="auto, (max-width: 1000px) 100vw, 1000px" /><span>GEFÜHRTE BESICHTIGUNG AUSSCHLIESSLICH DES ARCHÄOLOGISCHEN BEREICHS</span></h3>
							</div>
			<!-- Container /- -->
		</div><!-- Call To Action /- -->
		[vc_empty_space][vc_column_text]Mit dieser Option erleben Sie die unterirdischen Ausgrabungen mit einer exklusiven Besichtigung, die nur ihrer Gruppe gewidmet ist.</p>
<p><strong>Preis</strong> 6,00 € pro Person <span class=" h-lparen">(</span>einschließlich Eintrittskarte).[/vc_column_text][/vc_column][vc_column width=&#8221;1/2&#8243;]			
		<!-- Call To Action -->
		<div class="container-fluid cta-section">
			<!-- Container -->
			<div class="container">
				<h3><img loading="lazy" decoding="async" width="1000" height="563" src="https://www.vicuscaprarius.com/wp-content/uploads/2017/04/img_5058.jpeg" class="attachment-full size-full" alt="" srcset="https://www.vicuscaprarius.com/wp-content/uploads/2017/04/img_5058.jpeg 1000w, https://www.vicuscaprarius.com/wp-content/uploads/2017/04/img_5058-300x169.jpeg 300w, https://www.vicuscaprarius.com/wp-content/uploads/2017/04/img_5058-768x432.jpeg 768w" sizes="auto, (max-width: 1000px) 100vw, 1000px" /><span>AQUA VIRGO, VOM TREVI-BRUNNEN BIS… CINECITTA‘</span></h3>
							</div>
			<!-- Container /- -->
		</div><!-- Call To Action /- -->
		[vc_empty_space][vc_column_text]Die Besichtigung des archäologischen Bereichs und des Trevi-Brunnens schließt mit einer reizvollen Kino-Retrospektive, denn in der eleganten Sala Trevi gegenüber den Ausgrabungen werden die berühmtesten Meisterwerke des italienischen und internationalen Films projiziert <span class=" h-lparen">(</span><i>Dolce Vita</i> <span class=" h-ndash">–</span> Das süße Leben, <i>Roman Holiday</i> <span class=" h-ndash">–</span> Ein Herz und eine Krone, <i>Totòtruffa</i><i> </i><span class=" h-rsquo"><i>’</i></span><i>62</i> <span class=" h-ndash">–</span> Der Betrüger, <i>C’eravamo tanto amati</i> <span class=" h-ndash">–</span> Wir waren so verliebt usw.), die vor der majestätischen Kulisse des Brunnens gedreht wurden.</p>
<p><strong>Preis</strong>: 8,00 € pro Person <span class=" h-lparen">(</span>einschließlich Eintrittskarte).[/vc_column_text][/vc_column][/vc_row][vc_row full_width=&#8221;stretch_row&#8221; css=&#8221;.vc_custom_1491475666161{margin-top: 0px !important;padding-top: 0px !important;background-image: url(https://www.vicuscaprarius.com/wp-content/uploads/2017/03/cta_bg.png?id=373) !important;background-position: center !important;background-repeat: no-repeat !important;background-size: cover !important;}&#8221;][vc_column width=&#8221;1/6&#8243;][/vc_column][vc_column width=&#8221;2/3&#8243;][vc_empty_space][vc_custom_heading text=&#8221;Famiglie, scuole, gruppi o singoli visitatori: a ciascuno il proprio percorso per scoprire i tesori nascosti della Città dell’Acqua, l’area archeologica sotterranea alla Fontana di Trevi&#8221; font_container=&#8221;tag:p|font_size:18|text_align:center|color:%23ffffff&#8221; use_theme_fonts=&#8221;yes&#8221;][vc_empty_space height=&#8221;18px&#8221;][vc_row_inner][vc_column_inner width=&#8221;1/2&#8243;][vc_btn title=&#8221;Ruf die Nummer an +39 339 7786192&#8243; style=&#8221;flat&#8221; shape=&#8221;square&#8221; color=&#8221;white&#8221; align=&#8221;center&#8221; i_icon_fontawesome=&#8221;fa fa-phone&#8221; button_block=&#8221;true&#8221; add_icon=&#8221;true&#8221; link=&#8221;url:tel%3A%2B393397786192|||&#8221;][/vc_column_inner][vc_column_inner width=&#8221;1/2&#8243;][vc_btn title=&#8221;Schreiben Sie an info@vicuscaprarius.com&#8221; style=&#8221;outline&#8221; shape=&#8221;square&#8221; color=&#8221;white&#8221; align=&#8221;center&#8221; i_icon_fontawesome=&#8221;fa fa-envelope&#8221; button_block=&#8221;true&#8221; add_icon=&#8221;true&#8221; link=&#8221;url:mailto%3Ainfo%40vicuscaprarius.com|||&#8221;][/vc_column_inner][/vc_row_inner][vc_empty_space height=&#8221;18px&#8221;][/vc_column][vc_column width=&#8221;1/6&#8243;][/vc_column][/vc_row]</p>
</div>

<p>[vc_row][vc_column][vc_column_text] Für organisierte Gruppen (Vereine, CRAL, Tour Operator, Pfarrgemeinden usw.) besteht die Möglichkeit, außerordentliche Öffnungszeiten mit einer Besichtigung unter der Führung unserer Archäologen auch an Tagen und zu Uhrzeiten zu vereinbaren, die sich von den normalen Öffnungszeiten unterscheiden. Je nach den Interessen und Anforderungen der Besucher schlagen wir drei verschiedene Arten der Besichtigung und der [&hellip;]</p>
